termine j(26).
4
Let q(h) = 2*h**3 - 7*h**2 - 47*h + 159. What is q(5)?
-1
Let l(a) = 5*a**3 - 41*a**2 + 28*a - 148. Give l(8).
12
Let d(v) = -v**2 - 41*v + 74. Give d(-34).
312
Let n(r) = 35*r - 1080. Give n(31).
5
Let b(w) = -407*w - 44. Calculate b(-1).
363
Let r(q) = q**3 - 14*q**2 + 9*q - 127. What is r(13)?
-179
Let r(p) = -46*p - 662. Give r(-10).
-202
Let u(v) = v**3 - v**2 - 18*v + 73. Calculate u(4).
49
Let z(j) = 46*j - 148. Calculate z(9).
266
Let m(v) = -3*v**2 + 320*v + 758. Calculate m(109).
-5
Let h(a) = -a**2 + 25*a + 368. What is h(36)?
-28
Let h(q) = q**2 + 100*q + 1502. What is h(-18)?
26
Let n(i) = -i**3 - 16*i**2 + 311*i - 762. Give n(3).
0
Let u(z) = -80*z + 4545. What is u(56)?
65
Let y(z) = -8*z**2 + 38*z + 301. Determine y(-7).
-357
Let v(z) = 70*z - 1270. What is v(18)?
-10
Let x(m) = m**3 + 22*m**2 - 33*m - 10. What is x(-23)?
220
Let l(i) = -i**2 + i - 504. Determine l(0).
-504
Let a(x) = 409*x - 2051. Give a(5).
-6
Let o(x) = 96*x + 3660. Give o(-38).
12
Let a(q) = 133*q + 1469. Calculate a(-11).
6
Let p(r) = 1612*r + 24182. Calculate p(-15).
2
Let y(u) = -u**3 + 28*u**2 + 477*u + 90. Give y(-12).
126
Let i(d) = 163*d + 327. What is i(-2)?
1
Let c(p) = 4*p**2 - 177*p + 213. Calculate c(43).
-2
Let i(n) = 3*n**2 + 98*n + 15. Calculate i(-35).
260
Let k(s) = -3*s**2 - 160*s + 2320. Calculate k(13).
-267
Let g(x) = 3*x**2 - 37*x + 27. Give g(14).
97
Let d(r) = -r**3 + 16*r**2 + 229*r - 3593. What is d(14)?
5
Let q(w) = -2*w**2 + 51*w - 143. Calculate q(22).
11
Let k(c) = c**3 + 19*c**2 - 64*c + 29. Calculate k(-22).
-15
Let r(m) = m**3 - 132*m**2 + 3455*m + 109. Calculate r(96).
13
Let z(u) = -79*u - 981. What is z(-12)?
-33
Let b(t) = 9*t + 291. Calculate b(-44).
-105
Let s(w) = -w**3 + 30*w**2 + 20*w + 328. Calculate s(31).
-13
Let n(b) = 42*b**2 - 5339*b + 609. Determine n(127).
-26
Let l(o) = o**3 + 53*o**2 - 85*o - 1433. Determine l(-54).
241
Let k(x) = -132*x + 419. Calculate k(5).
-241
Let g(u) = 42*u**2 - 1562*u + 292. Determine g(37).
-4
Let x(v) = -413*v + 46256. Calculate x(112).
0
Let n(w) = -w**2 + 47*w + 362. What is n(-8)?
-78
Let t(i) = -29*i**2 + 8*i - 8. Calculate t(1).
-29
Let i(m) = 2*m**2 - 133*m + 1065. Determine i(9).
30
Let n(c) = c**3 + 127*c**2 + 3525*c - 42. Calculate n(-86).
44
Let u(t) = t**3 - 3*t**2 + 2*t + 9. Determine u(0).
9
Let c(s) = -6*s**2 + 3*s + 9. Determine c(6).
-189
Let r(q) = 67*q + 2143. Give r(-32).
-1
Let m(p) = -p**3 - 11*p**2 + 2*p + 29. Determine m(-9).
-151
Let r(g) = g**2 + 12*g + 141. Give r(-11).
130
Let y(s) = -113*s - 4200. Determine y(-37).
-19
Let w(g) = -g**3 + 21*g**2 - 79*g - 10. Calculate w(16).
6
Let r(t) = -t**3 + 16*t**2 - 16*t - 1. Give r(0).
-1
Let w(s) = -s**3 - 12*s**2 + 43*s + 408. What is w(-13)?
18
Let m(i) = -i**3 + 17*i**2 - 5*i - 28. Determine m(13).
583
Let s(b) = -93*b**2 - 236*b - 237. What is s(-1)?
-94
Let d(g) = -12*g**3 + 3*g - 4. Calculate d(2).
-94
Let j(v) = 15*v**2 - 136*v - 29. What is j(9)?
-38
Let a(y) = -8*y**2 + 8*y - 8. Determine a(-3).
-104
Let k(t) = -t**2 + 14*t + 17. Give k(8).
65
Let r(z) = 414*z - 17383. Calculate r(42).
5
Let z(s) = 125*s - 258. Give z(2).
-8
Let j(h) = 319*h + 78791. Calculate j(-247).
-2
Let m(n) = -4*n**3 + 454*n**2 + 239*n - 1244. Give m(114).
10
Let a(x) = 3*x**3 - 108*x**2 - 12*x + 436. Give a(36).
4
Let n(m) = 14*m**2 + 354*m - 262. Give n(-26).
-2
Let m(i) = -6*i - 14. Calculate m(-9).
40
Let r(g) = 15*g**2 + 496*g - 68. Give r(-33).
-101
Let w(g) = 348*g**3 + 4*g + 10. Calculate w(0).
10
Let g(k) = -374*k + 2913. Calculate g(8).
-79
Let y(u) = 14*u + 29. Give y(2).
57
Let z(m) = 2*m**3 - 230*m**2 + 224*m + 460. Determine z(114).
4
Let k(r) = -r**2 + 40*r - 364. Calculate k(14).
0
Let v(f) = f**3 - f**2 + 9*f - 9. Calculate v(1).
0
Let t(b) = -928*b - 3995. Give t(-4).
-283
Let o(f) = -f**2 - 150*f + 38054. Determine o(134).
-2
Let r(y) = -201*y + 1033. Give r(5).
28
Let z(s) = s**3 + 21*s**2 + 113*s - 13. What is z(-8)?
-85
Let q(t) = t**3 - 9*t**2 + 15*t + 17. What is q(6)?
-1
Let r(g) = 295*g - 8259. Determine r(28).
1
Let x(g) = 2*g**2 - 144*g - 628. Determine x(77).
142
Let k(l) = -79*l**2 + 3079*l + 58. Determine k(39).
-20
Let s(l) = 18*l + 327. Calculate s(-18).
3
Let n(b) = -b**2 + 19*b + 96. Calculate n(18).
114
Let i(m) = m**3 - 28*m**2 + 83*m - 2310. Calculate i(28).
14
Let q(k) = 679*k - 6800. Determine q(10).
-10
Let s(g) = -126*g - 87. Give s(-1).
39
Let l(n) = -2256*n - 11175. What is l(-5)?
105
Let g(o) = 3*o**3 - 7*o**2 - 9*o + 2. Determine g(3).
-7
Let i(s) = 284*s + 1061. Determine i(-4).
-75
Let w(b) = b**2 + 31*b + 167. Give w(-28).
83
Let z(a) = -15*a**2 - 28*a + 10. What is z(-2)?
6
Let x(h) = 2*h**2 + 189*h - 2440. Determine x(-106).
-2
Let s(j) = -73*j**2 - 10*j - 9. What is s(-1)?
-72
Let y(x) = 4*x**2 + 6*x - 4. Determine y(3).
50
Let l(s) = 1363*s + 16343. What is l(-12)?
-13
Let j(g) = 7570*g + 52995. Give j(-7).
5
Let o(q) = -q**2 - 122. Give o(0).
-122
Let n(z) = -193*z + 127. What is n(1)?
-66
Let p(l) = 1162*l - 11622. Determine p(10).
-2
Let v(x) = -2*x**3 - 55*x**2 - 334*x + 129. What is v(-18)?
-15
Let b(o) = o**3 + 32*o**2 - 11*o - 332. Calculate b(-32).
20
Let l(w) = 42*w - 131. Determine l(5).
79
Let b(f) = -f**3 + 47*f**2 + 3*f + 2136. What is b(48)?
-24
Let o(g) = -20*g - 1357. What is o(-70)?
43
Let a(x) = x**2 - 76*x + 1016. Give a(59).
13
Let d(s) = -875*s + 4. Calculate d(0).
4
Let a(d) = -d**2 + 118*d + 3910. Determine a(145).
-5
Let c(z) = 288*z + 1437. Give c(-5).
-3
Let j(a) = -5*a**2 - 64*a - 10. Give j(-13).
-23
Let p(d) = 2*d - 69. Calculate p(-10).
-89
Let d(i) = 763*i - 5272. What is d(7)?
69
Let y(p) = 49*p**2 + 194*p - 30. Determine y(-5).
225
Let h(v) = 4*v**2 + 102*v + 326. What is h(-30)?
866
Let g(u) = 8*u + 664. Calculate g(-83).
0
Let s(u) = u**2 - 110*u - 3860. Calculate s(-28).
4
Let p(a) = -a**3 + 11*a**2 - 38*a + 8. Determine p(6).
-40
Let j(u) = 120*u + 307. Determine j(-3).
-53
Let f(b) = 36*b**3 - 5*b**2 + 5*b - 10. What is f(2)?
268
Let x(b) = -b + 65. Give x(21).
44
Let y(q) = -q**3 - 48*q**2 - 100*q - 419. What is y(-46)?
-51
Let x(r) = 17*r**3 + 1137*r**2 - 131*r + 206. Calculate x(-67).
5
Let l(x) = -x**3 + 176*x**2 + 6417*x - 11. What is l(207)?
-11
Let n(a) = -3*a**2 - 30*a + 1140. Determine n(-25).
15
Let a(x) = 23*x - 65. Determine a(-5).
-180
Let o(z) = 2*z**3 + 14*z**2 - 26. Give o(-7).
-26
Let y(d) = -d**3 - 55*d**2 - 48*d + 368. Calculate y(-54).
44
Let q(o) = -o**2 + 6*o + 28. What is q(3)?
37
Let o(y) = -33*y + 90. Give o(5).
-75
Let y(s) = -368*s + 2194. Determine y(6).
-14
Let z(m) = 21*m + 124. Give z(-16).
-212
Let b(y) = -33*y - 196. What is b(-5)?
-31
Let s(k) = -k**3 + 44*k**2 + 197*k - 64. What is s(48)?
176
Let b(o) = -22*o - 147. Calculate b(-5).
-37
Let z(g) = -24*g - 623. Calculate z(-25).
-23
Let t(v) = 50*v + 42. Determine t(-7).
-308
Let g(l) = l**3 - 25*l**2 + 94*l + 35. Determine g(5).
5
Let y(i) = -i**3 + 30*i**2 - 88*i + 200. What is y(27)?
11
Let x(n) = -n**3 - 18*n**2 - 14*n + 126. Determine x(-17).
75
Let j(c) = 53*c + 2236. Determine j(-42).
10
Let z(y) = -85*y**3 + 26*y - 26. Determine z(1).
-85
Let j(w) = 5*w**2 - 29*w + 41. Give j(5).
21
Let f(v) = v**3 + 22*v**2 - 20*v - 46. Calculate f(-22).
394
Let a(p) = -25*p - 963. Give a(-38).
-13
Let j(l) = l**3 + 75*l**2 + 1394*l + 289. Calculate j(-42).
-47
Let k(m) = m**3 - 51*m**2 + 270*m + 25. Calculate k(45).
25
Let d(g) = -g**3 + 7*g**2 - 6*g + 42. Give d(7).
0
Let b(o) = 2*o**2 + 53*o + 13. Determine b(-5).
-202
Let k(c) = 2*c**3 - 179*c**2 + 265*c - 91. Determine k(88).
-3
Let h(i) = i**3 + 5*i**2 - 17*i - 4. Give h(-8).
-60
Let i(s) = 504*s - 1550. What is i(3)?
-38
Let f(t) = -t**3 - 50*t**2 - 63*t - 684. What is f(-49)?
2
Let z(d) = -9*d**2 + 13*d + 20. What is z(-3)?
-100
Let b(c) = 2*c**3 + 27*c**2 + 118*c + 1360. What is b(-13)?
-5
Let s(d) = -318*d**3 - 2*d**2 - 11*d - 9. Give s(-1).
318
Let z(m) = 2*m**2 + 289*m + 1300. Give z(-140).
40
Let v(q) = 4*q**2 - 28*q - 56. Give v(-2).
16
Let i(q) = q**3 + 21*q**2 - 85*q - 1764. Calculate i(-21).
21
Let r(c) = 7*c**3 - 5*c**2 + 42*c - 37. Calculate r(1).
7
Let f(r) = 3*r**3 - 115*r**2 - 201*r + 38. Determine f(40).
-2
Let c(p) = -104*p + 79. What is c(1)?
-25
Let c(k) = 42*k + 127